b*x. Calculate the highest common divisor of x and g.
18
Suppose 18*l - 15*l + 1485 = 0. Let a = l + 552. What is the greatest common factor of 266 and a?
19
Suppose 10*l + 143 = 11*l. Suppose -2*k - 2*u = -228, -5*k - u + 580 = 2*u. Let b = 132 - k. Calculate the greatest common factor of b and l.
13
Suppose m = -3*y - 431, y + 0*m + 127 = 3*m. Let r = 142 + y. Suppose r = 4*c - 16, c = 3*k + 14 - 82. Calculate the highest common divisor of k and 24.
24
Let g = -19 - -15. Let z(b) = 2*b**2 + 6*b + 2. Let a be z(g). Let u be (-27)/54*1*-2 + 69. What is the highest common divisor of a and u?
10
Let m(h) = h**2 - 7*h - 20. Suppose 0 = -3*l - 3 + 36. Let w be m(l). Let o be (1 + (-7)/(-2))*4. Calculate the greatest common factor of o and w.
6
Let j be 19383/3549 - (36/(-26))/(-3). What is the highest common factor of 183 and j?
1
Suppose -19*o = -23*o + 12. Suppose 0 = -o*n + 37*n - 4114. Calculate the highest common divisor of n and 11.
11
Suppose -124 = c - 4*k - 168, -145 = -5*c - 5*k. Calculate the highest common divisor of 952 and c.
8
Let c = -324 + 327. Suppose c*v - 6*v = -1479. What is the highest common factor of 17 and v?
17
Suppose 10*b - 272 = -2*r + 3472, 1488 = 4*b + 4*r. What is the highest common divisor of b and 975?
75
Let y be (-8 - -10)/(30/3495). What is the greatest common factor of 1 and y?
1
Suppose -24*n + 20*n - 276 = -c, -3*c + 912 = 2*n. Calculate the highest common divisor of 2925 and c.
75
Let s be (-4)/(-2) - (-2)/8*-4. Suppose q - 2*o - 8 + s = 0, -6 = 2*o. What is the highest common divisor of 10 and q?
1
Suppose 4*r = 5*j + 40, r + 2 = 4*j + 1. Suppose r*g - 30*g = -11685. What is the highest common divisor of 41 and g?
41
Let k = 10 - -308. Suppose -309 = 3*p - k. Suppose -4*s = -5*v + 13, 0 = 3*v - v - 10. Calculate the highest common factor of p and s.
3
Suppose -4100 = 5*t - y, -5*y - 7 - 18 = 0. Let p = -458 - t. Suppose q + p = 4*q. Calculate the greatest common divisor of 11 and q.
11
Let r(t) = 2*t**3 + 49*t**2 - 63*t - 37. Let g be r(-25). Let x = g + -903. What is the greatest common divisor of x and 45?
5
Let p(z) = -8*z - 52. Let m be p(-24). Let n be -5 - (-23 + (-4 - -2)). What is the highest common divisor of n and m?
20
Suppose 10 + 53 = 21*s. Suppose -j - 16 = 3*j + 2*w, j + 5*w + 13 = 0. Let b be 4/(-12)*(j - 6). Calculate the greatest common factor of b and s.
3
Suppose 11*x + 99 = 121. Let v be (x - 3)/((-6)/(1 - -2441)). Calculate the greatest common factor of v and 11.
11
Suppose -1 = 4*p - 97. Let c = -1868 - -1932. Calculate the highest common factor of c and p.
8
Let y be (45/(-9) - -3)*(0 + -1). Suppose y*w = 4*b + 2, -2*w + 0*b + b = 1. Let g = w + 28. Calculate the highest common divisor of g and 54.
27
Let h be (34060/(-30))/(-1)*54. What is the highest common factor of h and 52?
52
Let x = 11 - -43. Suppose -61 = d - x. Let k = d - -31. Calculate the highest common factor of k and 8.
8
Let t = 7963 + -7741. What is the highest common divisor of 74 and t?
74
Let a be (-1)/(-2) + 1/(-2)*-7. Calculate the greatest common divisor of 118 and a.
2
Let q(a) = 220*a**2 + 34*a + 61. Let d be q(-4). What is the greatest common divisor of 130 and d?
65
Suppose 71858 = -78*j + 97*j. What is the greatest common divisor of j and 124?
62
Suppose y - 613 = -4*w + 442, 2*y = 3*w + 2143. What is the greatest common factor of 33 and y?
11
Let g be 350/40*(0 - 56/(-35)). Let u = 180 - 26. Calculate the highest common factor of g and u.
14
Suppose -22*m + 7*m = -105. Let g be 4663/m - (3 - (-100)/(-35)). Calculate the highest common divisor of 18 and g.
18
Let c(v) = 4*v**3 - 29*v**2 + 35*v - 5. Let t be c(6). What is the highest common factor of 430 and t?
5
Let k(f) = 26*f - 3 - 31*f + f**2 + 112 - 34*f. Let p be k(36). What is the highest common divisor of p and 59?
1
Let p = -668 + 38. Let u be 28/(-6)*p/(-49). Let m be (-1635)/u + (-3)/(-4). Calculate the highest common divisor of 42 and m.
14
Suppose 216 = 3*y - 2*t, 2*y + 91*t - 92*t = 142. What is the greatest common factor of y and 9180?
68
Let a(d) = d**2 - 2*d + 2. Let o be a(8). Let h = -35 + o. Let t = -408 + 468. What is the highest common divisor of h and t?
15
Let l(v) = 26*v**2 - 1. Let i = 12 + -9. Suppose -i*n + 9 = 0, -j - 4*j + 11 = 2*n. Let r be l(j). Calculate the greatest common divisor of r and 5.
5
Let y be (((-328)/(-20))/41)/(2/(-26040)*-1). Calculate the greatest common divisor of y and 48.
24
Suppose 46744 + 19082 = 53*z. Calculate the highest common divisor of 46 and z.
46
Suppose 359 = 2*l + 5*d, 2*l = -3*d - d + 358. Let g = l + -65. Let j be 900/14 - 32/g. Calculate the highest common divisor of j and 160.
32
Let l = 95 + -20. Suppose 2*h = 123 - l. What is the greatest common divisor of h and 24?
24
Let s(d) = -2*d - 16. Let t be s(-18). Suppose -2*b = t - 110. Let m be ((-60)/100)/(1/(-15 + 0)). Calculate the greatest common factor of m and b.
9
Let j(u) = -u**3 + 27*u + 22. Let m be j(-7). Suppose -3*z - 5*a + 13 = 0, -2*a = -3*z + 3*a + 53. Calculate the greatest common divisor of z and m.
11
Suppose 0 = 238*v - 946233 - 241625. What is the greatest common divisor of v and 1519?
217
Suppose -22*i = -20*i - 220. Suppose -30 = 8*t - i. What is the highest common factor of 250 and t?
10
Let g = -38 + 52. Suppose 5*d - g = -5*h + 56, -2*d - 8 = -h. Let z(l) = -6*l - 12. Let m be z(-7). What is the greatest common factor of h and m?
6
Let w = 1363 + -1359. Suppose -13 + 24 = n + w*l, l = 5*n - 55. Suppose 108 = 2*b - 5*y - 276, 4*y = b - 195. What is the greatest common factor of b and n?
11
Let n(i) = -i**2 - i + 25. Let c be n(-6). Let d be (-3)/c - (-39)/(-15) - -4. Suppose -d*s + 14 + 4 = 0. Calculate the highest common divisor of s and 45.
9
Let h be ((-60)/(-210))/((4/(-7))/(-2)). Let t(o) = 36*o + 3. Let v be t(h). Calculate the highest common divisor of v and 39.
39
Suppose 4*l + 768 = 3*o, 19 = o + l - 251. What is the highest common factor of o and 5346?
66
Let t = -6887 + 6977. Calculate the greatest common factor of t and 711.
9
Let x(r) = -12*r + 926. Let h be x(-78). Calculate the greatest common divisor of 196 and h.
98
Suppose 12 = 5*z + z. Let i be (11 - 10)/(1*z/56). What is the greatest common divisor of 21 and i?
7
Suppose -10*n + 18 = 18. Let b be 0 + n - -1 - -29. What is the highest common factor of b and 9?
3
Let m = 1560 - 975. Let u = 169 - 104. Calculate the greatest common divisor of u and m.
65
Let y(l) = 161*l + 379. Let d be y(1). What is the greatest common factor of 1170 and d?
90
Let i(l) = 16*l**2 + 73*l - 12. Let o be i(-9). Calculate the highest common factor of o and 132.
33
Suppose 27*b - 25*b - 1068 = -p, -4275 = -4*p - 5*b. What is the greatest common divisor of p and 10?
10
Let l = 4937 + -3258. What is the highest common factor of 46 and l?
23
Suppose -53 = 3*r - 44, b - 5*r - 93 = 0. What is the highest common divisor of b and 416?
26
Suppose 30 = 5*m - 0. Suppose -32*c = -25*c - 168. What is the highest common divisor of m and c?
6
Suppose -5 = -3*d + 4. Let r be (-2054)/(-98) - 124/(-3038). Calculate the greatest common divisor of d and r.
3
Suppose -72 = -10*x + 11*x. Let l = x + 89. What is the greatest common divisor of 119 and l?
17
Let k(p) = 75*p + 1884. Let d be k(-20). Suppose -5*r + 12 = -4*r. What is the greatest common divisor of r and d?
12
Suppose -42*o + 61*o = 34*o - 13230. Calculate the greatest common factor of 56 and o.
14
Suppose 49*s - 73984 = 46409. Calculate the highest common divisor of s and 84.
21
Let d(k) = 28*k + 1354. Let i be d(-48). Let g be (-828)/(-20) + (-4)/10. Suppose g + 29 = q. Calculate the highest common divisor of i and q.
10
Let j(g) = 11*g + 11*g - 43*g - 254 + 13*g. Let h be j(-35). What is the highest common divisor of 13 and h?
13
Suppose -p = -89 - 71. Suppose 339 = -g - j, -g + p = -2*j + 490. Let v = -192 - g. Calculate the highest common factor of 36 and v.
36
Suppose 3551 = 40*u + 1031. Calculate the highest common factor of u and 486.
9
Let d(p) = 8*p + 9. Let l be d(-4). Let w = l + 50. Calculate the highest common divisor of w and 54.
27
Let q be (-4 + 72/6)*(-6)/(-16). Suppose -5*g - 5*m = -780, 5*m - 664 = -q*g - 204. Calculate the highest common divisor of 10 and g.
10
Let g = -3195 + 3213. Calculate the greatest co